s the units digit of 3898442450?
0
What is the thousands digit of 451700034?
0
What is the ten millions digit of 1741869322?
4
What is the millions digit of 214436519?
4
What is the thousands digit of 11458870?
8
What is the ten millions digit of 147745822?
4
What is the hundreds digit of 40591390?
3
What is the hundred thousands digit of 103163664?
1
What is the ten thousands digit of 178534070?
3
What is the units digit of 40879514?
4
What is the thousands digit of 1283478?
3
What is the millions digit of 13977774?
3
What is the thousands digit of 15181565?
1
What is the millions digit of 145250877?
5
What is the ten millions digit of 3354765835?
5
What is the tens digit of 6328861380?
8
What is the millions digit of 92671940?
2
What is the hundred thousands digit of 36310908?
3
What is the ten thousands digit of 2132188288?
8
What is the ten millions digit of 1919047106?
1
What is the hundreds digit of 154894346?
3
What is the hundred thousands digit of 1886556596?
5
What is the units digit of 204248042?
2
What is the ten thousands digit of 256413788?
1
What is the hundreds digit of 529034332?
3
What is the millions digit of 48091084?
8
What is the ten thousands digit of 5608474959?
7
What is the thousands digit of 145342618?
2
What is the units digit of 186144959?
9
What is the thousands digit of 55992097?
2
What is the thousands digit of 66506738?
6
What is the hundreds digit of 8652181?
1
What is the ten thousands digit of 1830755058?
5
What is the ten thousands digit of 1633202780?
0
What is the ten thousands digit of 162345312?
4
What is the thousands digit of 147771535?
1
What is the thousands digit of 83605646?
5
What is the hundred thousands digit of 52268305?
2
What is the millions digit of 2916323012?
6
What is the units digit of 561517026?
6
What is the tens digit of 60780674?
7
What is the thousands digit of 7239715265?
5
What is the thousands digit of 9750621?
0
What is the ten millions digit of 1799608714?
9
What is the units digit of 374264142?
2
What is the units digit of 1909743080?
0
What is the hundred thousands digit of 3032019406?
0
What is the hundred thousands digit of 43192960?
1
What is the units digit of 1042336980?
0
What is the millions digit of 4304082?
4
What is the hundred thousands digit of 754030178?
0
What is the millions digit of 698680479?
8
What is the hundreds digit of 39065212?
2
What is the hundred thousands digit of 6855297?
8
What is the millions digit of 2656816847?
6
What is the tens digit of 422572534?
3
What is the hundreds digit of 493123627?
6
What is the hundreds digit of 121243807?
8
What is the hundred thousands digit of 265625029?
6
What is the hundreds digit of 7179817?
8
What is the billions digit of 2015440743?
2
What is the ten thousands digit of 2494217096?
1
What is the units digit of 5697008377?
7
What is the millions digit of 1118965987?
8
What is the hundred millions digit of 8188710710?
1
What is the ten thousands digit of 55073981?
7
What is the ten thousands digit of 920901763?
0
What is the hundred millions digit of 1119825227?
1
What is the hundreds digit of 82806330?
3
What is the hundred thousands digit of 66174981?
1
What is the ten millions digit of 95286463?
9
What is the millions digit of 4758416885?
8
What is the tens digit of 54287765?
6
What is the millions digit of 617347700?
7
What is the hundred millions digit of 254797970?
2
What is the hundred thousands digit of 1352453418?
4
What is the hundreds digit of 484412271?
2
What is the ten thousands digit of 569045451?
4
What is the millions digit of 209166553?
9
What is the ten thousands digit of 236847853?
4
What is the hundred millions digit of 615702069?
6
What is the units digit of 759251676?
6
What is the units digit of 173376110?
0
What is the hundred thousands digit of 1652361954?
3
What is the ten millions digit of 662316444?
6
What is the hundreds digit of 8204597?
5
What is the hundreds digit of 164204945?
9
What is the tens digit of 18503108?
0
What is the units digit of 131478062?
2
What is the hundred thousands digit of 2567390249?
3
What is the thousands digit of 100400706?
0
What is the ten thousands digit of 263682788?
8
What is the tens digit of 5602385961?
6
What is the units digit of 197220851?
1
What is the ten millions digit of 2946842600?
4
What is the millions digit of 285631534?
5
What is the tens digit of 6300045463?
6
What is the tens digit of 1147441039?
3
What is the hundred thousands digit of 1630419081?
4
What is the thousands digit of 1565004371?
4
What is the units digit of 296965893?
3
What is the units digit of 320538419?
9
What is the millions digit of 33080156?
3
What is the hundred thousands digit of 362428759?
4
What is the ten millions digit of 56646360?
5
What is the units digit of 131693087?
7
What is the millions digit of 218700682?
8
What is the millions digit of 155512900?
5
What is the ten millions digit of 36840346?
3
What is the millions digit of 330194992?
0
What is the millions digit of 150891574?
0
What is the ten thousands digit of 796644076?
4
What is the units digit of 245275387?
7
What is the ten millions digit of 56351413?
5
What is the thousands digit of 5181176930?
6
What is the thousands digit of 2608612?
8
What is the ten millions digit of 149638951?
4
What is the millions digit of 159377852?
9
What is the ten thousands digit of 148477343?
7
What is the ten millions digit of 7613950399?
1
What is the millions digit of 89541113?
9
What is the hundred thousands digit of 245939009?
9
What is the ten thousands digit of 208055554?
5
What is the hundreds digit of 2711957692?
6
What is the tens digit of 25803885?
8
What is the hundred thousands digit of 1425743641?
7
What is the ten millions digit of 824013638?
2
What is the ten millions digit of 305753721?
0
What is the ten thousands digit of 2317978886?
7
What is the hundreds digit of 1349777332?
3
What is the ten millions digit of 1285872780?
8
What is the ten thousands digit of 2381677?
8
What is the ten thousands digit of 41450262?
5
What is the ten thousands digit of 947757165?
5
What is the thousands digit of 50579153?
9
What is the ten millions digit of 39407637?
3
What is the ten millions digit of 187994503?
8
What is the hundreds digit of 27897355?
3
What is the millions digit of 5701365?
5
What is the hundred thousands digit of 1129594424?
5
What is the tens digit of 114458193?
9
What is the ten thousands digit of 3140607731?
0
What is the millions digit of 91681060?
1
What is the ten millions digit of 127536488?
2
What is the ten thousands digit of 3660225050?
2
What is the billions digit of 1002867224?
1
What is the hundred millions digit of 183735309?
1
What is the tens digit of 565851765?
6
What is the tens digit of 718179756?
5
What is the ten millions digit of 1552719077?
5
What is the ten thousands digit of 41131493?
3
What is the units digit of 1960753800?
0
What is the thousands digit of 1041131181?
1
What is the hundred millions digit of 1169351292?
1
What is the millions digit of 587724025?
7
What is the units digit of 4455639664?
4
What is the billions digit of 2499079627?
2
What is the tens digit of 853384988?
8
What is the billions digit of 1009132235?
1
What is the hundred thousands digit of 2034546756?
5
What is the ten millions digit of 41468072?
4
What is the hundred millions digit of 507635028?
5
What is the ten thousands digit of 210952521?
5
What is the thousands digit of 49766708?
6
What is the ten millions digit of 165226502?
6
What is the hundred thousands digit of 147213048?
2
What is the thousands digit of 47914416?
4
What is the tens digit of 355024192?
9
What is the ten thousands digit of 410816310?
1
What is the units digit of 51902811?
1
What is the hundred millions digit of 574768022?
5
What is the hundreds digit of 2462959226?
2
What is the ten thousands digit of 162019162?
1
What is the hundreds digit of 5847254679?
6
What is the thousands digit of 2841734301?
4
What is the thousands digit of 1497512047?
2
What is the tens digit of 5069975798?
9
What is the units digit of 315748649?
9
What is the millions digit of 254256634?
4
What is the millions digit of 1741259440?
1
What is the thousands digit of 221834981?
4
What is the hundred millions digit of 3035818905?
0
Wha